en 2150429 is divided by 3339.
113
Calculate the remainder when 613178 is divided by 36.
26
What is the remainder when 9437 is divided by 8550?
887
Calculate the remainder when 136122112 is divided by 12.
4
What is the remainder when 53834 is divided by 1815?
1199
Calculate the remainder when 790295 is divided by 789809.
486
Calculate the remainder when 6815225 is divided by 1833.
131
What is the remainder when 6088390 is divided by 23?
14
Calculate the remainder when 24359 is divided by 415.
289
Calculate the remainder when 5183758 is divided by 18850.
8
Calculate the remainder when 763277 is divided by 7196.
501
What is the remainder when 1473707 is divided by 58?
43
What is the remainder when 852070 is divided by 12?
10
Calculate the remainder when 350108 is divided by 1719.
1151
What is the remainder when 954806 is divided by 1221?
1205
What is the remainder when 14224 is divided by 4439?
907
What is the remainder when 2432543 is divided by 773?
685
What is the remainder when 16163 is divided by 7177?
1809
What is the remainder when 3768024 is divided by 2921?
2855
What is the remainder when 71393227 is divided by 35696597?
33
What is the remainder when 932623 is divided by 175?
48
What is the remainder when 64921 is divided by 10760?
361
What is the remainder when 148093995 is divided by 2343?
2337
What is the remainder when 481523 is divided by 4801?
1423
What is the remainder when 5468743 is divided by 167?
161
What is the remainder when 13225000 is divided by 99436?
12
Calculate the remainder when 1938672 is divided by 93.
87
Calculate the remainder when 12393389 is divided by 1838.
1593
What is the remainder when 601667 is divided by 198436?
6359
Calculate the remainder when 65582 is divided by 64691.
891
What is the remainder when 7208 is divided by 682?
388
What is the remainder when 47717 is divided by 2157?
263
What is the remainder when 3768338 is divided by 2123?
13
Calculate the remainder when 521415 is divided by 1652.
1035
Calculate the remainder when 294812 is divided by 2320.
172
What is the remainder when 681999 is divided by 146?
33
Calculate the remainder when 3392186 is divided by 136.
74
Calculate the remainder when 5311955 is divided by 79.
74
What is the remainder when 24432 is divided by 203?
72
Calculate the remainder when 47508 is divided by 3121.
693
Calculate the remainder when 251398 is divided by 2264.
94
Calculate the remainder when 2378371 is divided by 99.
94
What is the remainder when 330504170 is divided by 234?
230
Calculate the remainder when 10415348 is divided by 473424.
20
What is the remainder when 370082558 is divided by 5?
3
What is the remainder when 212914 is divided by 3494?
3274
What is the remainder when 123564 is divided by 1712?
300
What is the remainder when 9745 is divided by 3387?
2971
Calculate the remainder when 175869 is divided by 431.
21
What is the remainder when 6103273 is divided by 17898?
55
Calculate the remainder when 33188915 is divided by 261330.
5
Calculate the remainder when 5070077 is divided by 34.
31
What is the remainder when 100983 is divided by 50392?
199
What is the remainder when 5825835 is divided by 24?
3
Calculate the remainder when 9264013 is divided by 2000.
13
Calculate the remainder when 5731539 is divided by 54586.
9
What is the remainder when 45303 is divided by 3664?
1335
Calculate the remainder when 7690826 is divided by 1281745.
356
What is the remainder when 87276639 is divided by 103?
1
Calculate the remainder when 2513354 is divided by 69.
29
What is the remainder when 4846510 is divided by 2760?
2710
What is the remainder when 134476128 is divided by 74?
72
Calculate the remainder when 119302072 is divided by 91.
71
What is the remainder when 8179177 is divided by 300?
277
What is the remainder when 2510283 is divided by 7152?
7083
What is the remainder when 1526792 is divided by 192?
8
What is the remainder when 416738 is divided by 335?
333
What is the remainder when 34108092 is divided by 444?
12
What is the remainder when 13601049 is divided by 18?
15
Calculate the remainder when 6308983 is divided by 532.
527
Calculate the remainder when 1945590 is divided by 5496.
6
What is the remainder when 16213023 is divided by 250?
23
What is the remainder when 754275252 is divided by 43?
40
What is the remainder when 312513717 is divided by 614?
611
What is the remainder when 313120 is divided by 2234?
360
What is the remainder when 6705590 is divided by 2235119?
233
Calculate the remainder when 322456 is divided by 53737.
34
What is the remainder when 12792883 is divided by 4833?
4765
Calculate the remainder when 2963409 is divided by 13112.
97
What is the remainder when 1886925 is divided by 8538?
27
What is the remainder when 1370416 is divided by 4568?
16
Calculate the remainder when 2519873 is divided by 1826.
1819
What is the remainder when 1349570 is divided by 22124?
6
What is the remainder when 8580667 is divided by 2860221?
4
Calculate the remainder when 402875 is divided by 3817.
2090
Calculate the remainder when 137097 is divided by 198.
81
Calculate the remainder when 1846057 is divided by 247.
226
What is the remainder when 89086 is divided by 85?
6
What is the remainder when 686067 is divided by 685229?
838
What is the remainder when 482498 is divided by 5428?
4834
Calculate the remainder when 298726 is divided by 98.
22
Calculate the remainder when 2953902 is divided by 88.
6
What is the remainder when 76255 is divided by 2315?
2175
What is the remainder when 338233 is divided by 370?
53
What is the remainder when 80355427 is divided by 297?
295
Calculate the remainder when 1142575 is divided by 707.
63
What is the remainder when 350438 is divided by 1936?
22
What is the remainder when 2975102 is divided by 495827?
140
Calculate the remainder when 631582594 is divided by 67.
59
What is the remainder when 50010566 is divided by 28?
18
What is the remainder when 4914019 is divided by 75600?
19
Calculate the remainder when 4873030 is divided by 437.
43
What is the remainder when 171879 is divided by 171619?
260
Calculate the remainder when 903838 is divided by 223.
19
Calculate the remainder when 891191 is divided by 69.
56
What is the remainder when 694576 is divided by 285?
31
What is the remainder when 173399412 is divided by 69?
66
Calculate the remainder when 121731 is divided by 121640.
91
Calculate the remainder when 18166978 is divided by 75070.
38
What is the remainder when 368699 is divided by 92153?
87
Calculate the remainder when 1848083 is divided by 63722.
145
What is the remainder when 700051 is divided by 541?
538
Calculate the remainder when 1918583 is divided by 360.
143
What is the remainder when 1270204 is divided by 254014?
134
Calculate the remainder when 142833 is divided by 6492.
9
Calculate the remainder when 374865 is divided by 1934.
1603
What is the remainder when 55784823 is divided by 4861?
4848
Calculate the remainder when 5964193 is divided by 1362.
1357
Calculate the remainder when 1107901 is divided by 1107901.
0
What is the remainder when 29242604 is divided by 2249431?
1
What is the remainder when 11046054 is divided by 119?
117
Calculate the remainder when 2350130 is divided by 24999.
224
Calculate the remainder when 1029395 is divided by 33205.
40
What is the remainder when 323225 is divided by 336?
329
What is the remainder when 39737 is divided by 1010?
347
What is the remainder when 13554301 is divided by 6777146?
9
What is the remainder when 7370260 is divided by 2456684?
208
What is the remainder when 16809345 is divided by 478?
475
Calculate the remainder when 21938139 is divided by 1917.
1908
What is the remainder when 245810 is divided by 49157?
25
Calculate the remainder when 121851494 is divided by 316.
314
Calculate the remainder when 15750 is divided by 3665.
1090
Calculate the remainder when 22356108 is divided by 123.
120
Calculate the remainder when 1349712 is divided by 7416.
0
What is the remainder when 25862651 is divided by 994717?
9
Calculate the remainder when 3267517 is divided by 3826.
113
Calculate the remainder when 102824 is divided by 102392.
432
What is the remainder when 7963 is divided by 7766?
197
What is the remainder when 17191 is divided by 167?
157
What is the rema